l - 1. What are the prime factors of m(-3)?
6263
Let l(s) be the second derivative of -s**4/12 + 4*s**3/3 + 41*s**2/2 + 84*s. What are the prime factors of l(8)?
41
Let t be (-4)/(-4 + (-8)/28 + 4). Suppose 2*m = 4*p - t, 11*m - 8*m - 11 = -2*p. Suppose -p*r + 3*r + 176 = 0. List the prime factors of r.
2, 11
Let z = 6 + -6. Suppose z = 21*x - 7795 + 1999. List the prime factors of x.
2, 3, 23
Suppose 5*i - 25*i + 75920 = 0. Let r = i - 2558. What are the prime factors of r?
2, 619
Suppose 38 = -6*v - 16. Let n = v + 356. List the prime factors of n.
347
Let r(d) = -3*d**3 + 6*d - 5*d**2 + d**2 + 5*d**2 + d**3 - 4. Let l(f) = -3*f**2 - 21*f - 21. Let x be l(-6). List the prime factors of r(x).
41
Let g(c) = c**3 + 92*c**2 + 10*c + 101. List the prime factors of g(-27).
2, 13, 227
Let c(x) = -7*x - 35. Let u be c(-5). Suppose u = 2*w - 1 + 7. Let s(k) = 5*k**2 + 12*k + 7. What are the prime factors of s(w)?
2
Suppose -2*a - 2 - 6 = 0, 9505 = i - 3*a. List the prime factors of i.
11, 863
Suppose -2712 = 23*s - 31*s. Let v = s - 114. What are the prime factors of v?
3, 5
Let h(v) = 16*v**3 + 2*v**2 + 2*v - 1. Let l be h(-1). Let t = l - -17. Suppose t = -7*j + 12*j - 290. List the prime factors of j.
2, 29
Let t(c) = c**3 - 13*c**2 - 231*c + 16. List the prime factors of t(44).
2, 7, 13, 137
What are the prime factors of (3961104/(-1344))/(1/(-8))?
2, 11789
Let q(y) = 3*y**2 - 28*y + 31. Let o = 98 + -79. Let k be q(o). Suppose 0 = -3*u + v + k, -v - 1042 = -5*u - 72. What are the prime factors of u?
2, 97
Let t(x) = 2144*x**2 - 76*x - 341. What are the prime factors of t(-4)?
34267
Let b(w) = 2572*w**2 + 25*w + 46. What are the prime factors of b(5)?
11, 5861
Let a = 61 - 123. Let q = a - -277. What are the prime factors of q?
5, 43
Let p = -159 - -156. What are the prime factors of (-19)/p*((-4032)/8)/(-7)?
2, 3, 19
Suppose 0 = 9*t - 4*t. Let s be t + 2 + 0 - 1. What are the prime factors of (390/(-21))/(s/(-7))?
2, 5, 13
Suppose 9*j = 89*j - 1085360. List the prime factors of j.
13567
Suppose -h = 33*h - 93058. Suppose -5965 = -19*a + h. List the prime factors of a.
2, 229
Suppose -23 = 3*g + 13. List the prime factors of 288/(g + 8)*11/(-4).
2, 3, 11
Let v(f) = 101*f**2 - 197*f - 1267. List the prime factors of v(-6).
53, 67
Suppose 4*w = -3*g + 22564, 0 = -w - 114 + 115. List the prime factors of g.
2, 5, 47
Suppose -3*a + 5*m + 72 = 0, 4*a - 3*m = a + 78. Let u = a - 13. List the prime factors of 14/4*(u + 1 + -1).
2, 7
Suppose -3*d - 4*b + 26 = 0, 3*d + 2*b - 14 = d. Let z(n) = 13 - d + n - 6*n. What are the prime factors of z(-8)?
3, 17
Suppose 66*k + 63056 = 80*k. Suppose -876*l = -872*l - k. What are the prime factors of l?
2, 563
Let c = 984 + -985. What are the prime factors of ((-17199)/(-26))/(c/(-2)) - 6?
3, 439
Let w(r) = 46*r**3 + 10*r**2 - 47*r + 5. What are the prime factors of w(7)?
2, 1993
Let a be 110/(-20) + -6 - 2/(-4). Let y(u) = 9*u**2 - 2*u - 196. List the prime factors of y(a).
3, 5, 61
Let s = 14079 + -4700. What are the prime factors of s?
83, 113
Let j(p) = -4*p**3 - 2*p**2 + 3*p + 3. Let w be -3 + (-6)/(-9)*12. Suppose -2*a = 2*n - 4, n = w*a + 1 + 13. List the prime factors of j(a).
3, 7
Suppose -m + 34 = 17. Suppose -m*g - 1439 = -5315. List the prime factors of g.
2, 3, 19
Suppose -4*y + 4*d + 16274 = 3*d, 2*d = -2*y + 8142. List the prime factors of y.
13, 313
Let a(x) = -3*x**3 + 22*x**2 + 21*x + 338. List the prime factors of a(-12).
2, 4219
Let g = -24879 + 45529. List the prime factors of g.
2, 5, 7, 59
Suppose 0*g - 128 = -2*g. Let y = g + -80. List the prime factors of (6/9)/(y/(-1944)).
3
Let k(b) = -649*b - 1372. What are the prime factors of k(-13)?
3, 5, 157
Let j be (3/3)/((-3)/12). Let h be (j/6)/(5 + 93/(-18)). Suppose h*p - 770 = -5*z, 1114 = 5*z + 3*p + 344. What are the prime factors of z?
2, 7, 11
Let b be (-10)/(-15) - 17/3. Let h(s) = -s**3 + 4*s**2 - 9*s - 9. List the prime factors of h(b).
3, 29
Suppose -6*c - 4987 = -5*o - 7*c, 0 = 2*o + c - 1996. Let z = o + -542. What are the prime factors of z?
5, 7, 13
Let v(k) = 2613*k + 1583. List the prime factors of v(12).
32939
Let q be (1 - 1)/(-2) - -13. Let x = q + 15. Let i = -9 + x. List the prime factors of i.
19
Suppose 2*v = -6*g + 10352, 4*v + 0*v = g + 20665. List the prime factors of v.
5167
Let o(c) = -3015*c**2 - 25*c + 50. Let b be o(2). List the prime factors of ((-4)/(-3))/((-10)/b).
2, 3, 67
Let c = 75 - 49. Let v be (-4)/c - (656/(-52))/4. Let i(x) = 9*x**2 - 3*x - 4. List the prime factors of i(v).
2, 17
Suppose 0 = -b - 2, 5*s - 2*b = -786 - 775. Let g be (-8)/20 + 3234/(-15). Let v = g - s. List the prime factors of v.
97
Let l = 70866 + -46622. What are the prime factors of l?
2, 11, 19, 29
Let j = -152 + 152. Suppose 0*a + a + 1 = j, -5*a = -3*g + 623. List the prime factors of g.
2, 103
Let f(l) = -17*l**2 + 20*l + 2747. Let d(k) = 7*k**2 - 9*k - 1373. Let z(i) = -5*d(i) - 2*f(i). What are the prime factors of z(0)?
3, 457
Let m be (-1)/2*62*1. Let g = m + 34. Suppose -52 - 155 = -g*k. What are the prime factors of k?
3, 23
Let b = 10606 - -29115. List the prime factors of b.
11, 23, 157
Suppose -34*x - 15 = -29*x. Let d = x - -455. What are the prime factors of d?
2, 113
Let n(j) = j**2 - 15*j + 41. Let y be n(12). Suppose y*a = 2540 - 455. What are the prime factors of a?
3, 139
Suppose -2*f + 3*d = 4890, 0 = 3*d - 3 + 9. Let w = -1403 - f. List the prime factors of w.
5, 11, 19
Let x = 617 - 574. Suppose 10*l + x - 7593 = 0. List the prime factors of l.
5, 151
Suppose -4*u + 260 = u. Suppose -35*g - 483 - 1232 = 0. Let r = g + u. List the prime factors of r.
3
What are the prime factors of 4809/1603 - (-1)/(1/5207)?
2, 5, 521
Let u = 124 + -136. Let i be 0/(u/(-20)*5). Suppose i*a - 3514 = -14*a. List the prime factors of a.
251
Suppose 3*t = 12092 + 8131. What are the prime factors of t?
3, 7, 107
List the prime factors of (((-9)/(-6))/((-270)/(-24048)))/(2/10).
2, 167
Suppose 5*r - r + o = 4, 4*o = r - 18. Suppose 0 = r*w - 0*w + 7*w. Suppose 0 = 5*d - 4*s + 58 - 251, w = -4*d + 5*s + 149. What are the prime factors of d?
41
Suppose 69*v - 68*v = -5*u + 1243, -5*v + 263 = u. List the prime factors of u.
2, 31
Suppose 33*i + 20554 - 84706 = 0. Suppose 116*h - i = 112*h. What are the prime factors of h?
2, 3
Suppose -12*w = -1168 - 1640. Suppose 2*l = w + 118. What are the prime factors of l?
2, 11
Let p(r) = 1208*r**2 + 58*r - 284. List the prime factors of p(6).
2, 1361
Suppose -891 = -2*t - z, -t - 2*t + 1337 = 2*z. Suppose 6*i - t - 377 = 0. Let v = 312 - i. What are the prime factors of v?
5, 7
Suppose -29*p + 552600 = -16*p + 5*p. What are the prime factors of p?
2, 5, 307
Suppose 5 = -3*g - 364. Let z = g - -263. Suppose 5*c = -r + 1312 + z, -2*r = 2*c - 584. List the prime factors of c.
2, 5, 29
Let i(g) = g - 4. Let y be i(1). Let c be 55/15 + 2/y. Suppose -2*a - 95 = -p, -2*a - 263 = -c*p - 7*a. What are the prime factors of p?
7, 13
Let x(f) = f. Let m(u) = -4*u**2 + 7*u + 29. Let t(y) = -m(y) - 3*x(y). Let l(i) be the first derivative of t(i). List the prime factors of l(6).
2, 19
Let l = 1296 - 2958. List the prime factors of l*(14/(-6) - -2).
2, 277
Suppose -13*n = -15*n - 4*x + 822, 0 = 5*n - 5*x - 1995. Let s = 1143 - n. List the prime factors of s.
2, 5, 37
Let v be (-11)/22 + (-14)/4. Let w(g) = -g + 6. Let u be w(v). List the prime factors of (-12)/u*(-40)/3.
2
Suppose 5*m = -4*d + 267660, -107092 = -2*m + 1425*d - 1421*d. What are the prime factors of m?
2, 7, 239
Let m(n) = 7*n + 3. Let u be m(5). Let y = -4975 + 4976. Suppose -3*o + u = -y. List the prime factors of o.
13
Let m = 5393 + -1658. What are the prime factors of m?
3, 5, 83
What are the prime factors of 1742*3*(4/10)/((-60)/(-225))?
3, 13, 67
Let t(k) = k**3 + 17*k**2 + 26*k + 9. Let f(r) = -r**3 + 2*r + 1. Let b be f(-2). Let u(m) = -m - 10. Let n be u(b). List the prime factors of t(n).
3, 23
Suppose 116*m - 1601426 = 738178 + 1145036. What are the prime factors of m?
2, 5, 751
Suppose 0 = -15*p + 17*p - 16. Suppose 4*v + p = 3*y, 4*v = 2*y - 12 + 4. Suppose y = x + 40 - 111. List the prime factors of x.
71
Suppose -107*b = -83*b - 449904. List the prime factors of b.
2, 7, 13, 103
Suppose -v = -3*s - 21436, -464*v + 462*v + 5*s + 